88 (base 9) to base 11
159680
What is 254a0 (base 15) in base 2?
11101000110000111
What is -23156 (base 7) in base 6?
-43225
-11130123 (base 4) to base 11
-15832
Convert -112202201022 (base 3) to base 12.
-12025b
What is -10bac (base 14) in base 16?
-9f14
Convert -10171733 (base 8) to base 13.
-5a7c76
What is -6026171 (base 9) in base 10?
-3206287
-14211442 (base 5) to base 12
-71603
What is 40224321 (base 5) in base 2?
1001110010001001010
Convert -2444760 (base 10) to base 3.
-11121012120200
What is 34ddb6 (base 14) in base 12?
730a38
-3266984 (base 10) to base 15
-447ede
What is -8d45c0 (base 14) in base 13?
-cc72c3
Convert -1111233213 (base 4) to base 15.
-6e0dc
-57aa8 (base 15) to base 14
-73a3c
Convert 6533344 (base 7) to base 9.
1446104
Convert 124031525 (base 7) to base 2.
11110000110010101110101
Convert -1b358 (base 16) to base 5.
-12031243
-535500251 (base 6) to base 5
-4413311101
What is -fb728 (base 16) in base 14?
-1cb4a4
Convert -edcc (base 16) to base 7.
-342324
Convert -1441113143 (base 5) to base 14.
-722439
What is 1211221122202 (base 3) in base 2?
11110000000010000011
Convert 1969a1 (base 11) to base 16.
49bb6
What is -3131012233 (base 4) in base 11?
-569476
107616 (base 14) to base 15
b0603
What is 24301120 (base 5) in base 13?
7cba5
Convert -152224 (base 7) to base 8.
-71656
51604 (base 10) to base 6
1034524
What is 2121052 (base 8) in base 5?
121101202
165461 (base 8) to base 12
2aa15
Convert 1349876 (base 12) to base 2.
1110100111100110011010
-50275567 (base 8) to base 15
-de0a1d
21201121022 (base 3) to base 16
25208
11445430 (base 6) to base 15
72d4c
Convert -103415013 (base 6) to base 10.
-1853073
-6689b3 (base 16) to base 8
-31504663
What is 32200232 (base 5) in base 7?
2211556
What is b0666 (base 13) in base 14?
82c73
Convert 117101 (base 10) to base 16.
1c96d
What is -13331220 (base 5) in base 10?
-136435
f6b1 (base 16) to base 11
434a2
102022222012 (base 3) to base 16
3674c
What is 544474 (base 11) in base 4?
3110111030
-113332133021 (base 4) to base 10
-6285257
Convert 364803 (base 11) to base 5.
121433134
What is -1000000000011011000 (base 2) in base 11?
-16a12a
Convert 130034144 (base 5) to base 3.
1011212122221
What is 304850 (base 12) in base 9?
1370126
Convert -3111044 (base 5) to base 14.
-1470a
What is 624322 (base 7) in base 8?
321253
11333231021 (base 4) to base 15
210a22
-2472252 (base 8) to base 15
-d806b
Convert 24de2 (base 15) to base 2.
11100110001111111
-101001420 (base 7) to base 5
-3001224003
-12121201 (base 4) to base 13
-bc11
Convert -1204 (base 11) to base 12.
-ab5
-13040472 (base 8) to base 4
-23010010322
What is -2653150 (base 9) in base 8?
-5424406
-22151241 (base 8) to base 11
-276a729
What is 566622 (base 8) in base 6?
4040214
-55114534 (base 6) to base 5
-410034343
What is -830343 (base 12) in base 5?
-1011201342
Convert 2888d (base 15) to base 16.
1fc87
What is -19d95 (base 15) in base 10?
-84065
-1212032341 (base 5) to base 3
-12100120221100
What is 2177a (base 14) in base 9?
133162
110122210101 (base 3) to base 16
3cd4e
-113123022203 (base 4) to base 13
-136cca3
Convert 305136 (base 13) to base 10.
1125078
What is 38a6a (base 15) in base 6?
3515001
237791 (base 15) to base 5
413232321
Convert -23031130 (base 4) to base 16.
-b35c
What is -2101a3 (base 11) in base 6?
-11120025
Convert 110101000001000000 (base 2) to base 5.
23422102
Convert 512664 (base 7) to base 10.
87462
125621 (base 9) to base 12
38201
What is 266161 (base 7) in base 10?
50170
Convert -322013331 (base 5) to base 8.
-5141122
What is -400992 (base 10) in base 15?
-7dc2c
7734387 (base 9) to base 2
1111110110101110111111
What is -6b2c7 (base 13) in base 4?
-233313002
4454010 (base 6) to base 9
372666
Convert 73425 (base 9) to base 5.
3022321
-101001001110001101010011 (base 2) to base 13
-2314755
Convert 3443141 (base 5) to base 4.
33031120
What is 2730355 (base 8) in base 16?
bb0ed
9c65 (base 14) to base 5
1332022
What is -433403144 (base 5) in base 10?
-1856674
-1004562 (base 7) to base 8
-351016
Convert 98112 (base 14) to base 10.
367908
-1030122 (base 5) to base 9
-26045
What is 36611540 (base 7) in base 5?
1314433012
What is -149283 (base 10) in base 6?
-3111043
Convert -2002011210 (base 3) to base 16.
-9ff9
What is -4b8d41 (base 15) in base 7?
-42543436
What is -2949847 (base 13) in base 6?
-1145234111
What is 2020112222100 (base 3) in base 14?
230517
What is -13001002331 (base 4) in base 15?
-264e98
What is 10056046 (base 9) in base 14?
8d68b4
Convert -21103124 (base 5) to base 16.
-2ad36
What is -3545146 (base 9) in base 4?
-13110221130
What is -1110010111000011110111 (base 2) in base 8?
-16270367
89a256 (base 14) to base 2
10001110101101010010100
2401344042 (base 5) to base 6
313452004
101110110001010010001000 (base 2) to base 16
bb1488
Convert 607287 (base 10) to base 6.
21003303
-11c8780 (base 14) to base 10
-8551788
Convert 118963 (base 13) to base 15.
84257
-120211220 (base 3) to base 7
-45453
What is 346783 (base 14) in base 2?
110110011110011111111
-334332032 (base 5) to base 4
-11221121023
2103222 (base 6) to base 8
306676
-6d2b72 (base 14) to base 13
-a09832
18b3600 (base 13) to base 7
126003230
What is 142232233 (base 5) in base 13?
20014b
What is -23130243 (base 5) in base 9?
-346531
-1254153 (base 6) to base 10
-69621
What is -307553 (base 8) in base 3?
-12012021002
What is -6144270 (base 8) in base 10?
-1624248
Convert -2a233 (base 13) to base 2.
-10011011001110000
Convert -38a27 (base 14) to base 7.
-1116550
1103020130 (base 5) to base 12
974263
Convert 607745 (base 8) to base 14.
531c1
What is 3b5432 (base 12) in base 7?
11235233
10101101111100111001 (base 2) to base 9
1305332
-517818 (base 11) to base 15
-115eba
Convert 1000101001001011011101 (base 2) to base 3.
11021010010022
-25ba3 (base 13) to base 14
-1b791
What is -5554 (base 16) in base 9?
-32861
What is -35342225 (base 7) in base 15?
-419552
Convert bd58 (base 15) to base 11.
28175
Convert 4712310 (base 8) to base 9.
2365277
Convert 10334314 (base 5) to base 2.
10101111101100111
Convert -1112201000 (base 3) to base 12.
-15716
What is 363180 (base 10) in base 15?
72920
What is -3a7ca (base 14) in base 13?
-50863
Convert -14134331 (base 7) to base 14.
-264d18
What is -533010 (base 7) in base 12?
-45496
-4042252 (base 7) to base 13
-13ac38
Convert -111031002 (base 4) to base 5.
-10234400
-2321041020 (base 5) to base 13
-111ba8b
What is -214064 (base 7) in base 9?
-56312
13a2798 (base 13) to base 9
12647624
What is -a783d (base 15) in base 16?
-81d15
2dcb (base 14) to base 16
2017
-4455601 (base 8) to base 11
-751983
What is 1201011212 (base 3) in base 7?
200102
Convert -3c265c (base 16) to base 15.
-52ceda
What is 22123200111 (base 4) in base 8?
12334025
453211 (base 6) to base 11
26869
What is -2144542 (base 6) in base 14?
-2b194
-12525141 (base 6) to base 12
-1807b1
What is 1a4b1 (base 15) in base 4?
110313001
What is 161652 (base 8) in base 6?
1125454
Convert -11111120220 (base 3) to base 15.
-1b3e3
Convert -1044142 (base 8) to base 2.
-1000100100001100010
What is -154130 (base 10) in base 15?
-30a05
Convert -888a (base 12) to base 14.
-56d4
-1001111100101 (base 2) to base 7
-20564
What is 566734 (base 9) in base 7?
2613016
Convert 13554ac (base 14) to base 6.
532221504
Convert 28fe9 (base 16) to base 7.
1266354
22112001222 (base 3) to base 12
8108b
Convert 110300240 (base 5) to base 2.
1110100101111110011
-103bc (base 16) to base 2
-10000001110111100
What is 12220102010212 (base 3) in base 15?
41ea65
Convert -4d972a (base 14) to base 4.
-22031201022
Convert -4a4ac (base 15) to base 16.
-39f00
-173769 (base 10) to base 2
-101010011011001001
-4036813 (base 10) to base 6
-222304541
What is 1e6203 (base 16) in base 6?
110402215
Convert -44120521 (base 6) to base 15.
-1b0304
-1c920 (base 14) to base 5
-4320021
Convert -1121301 (base 5) to base 13.
-926c
-242524 (base 9) to base 4
-203230303
Convert -8355287 (base 9) to base 2.
-10001000010001011010110
What is 89845 (base 11) in base 3?
20121111102
Convert 10289a (base 11) to base 5.
20233130
10121021010 (base 3) to base 6
1304133
What is -451020 (base 6) in base 8?
-111664
What is 11000013112 (base 4) in base 3?
2110121121121
Convert 5132672 (base 9) to base 16.
29c71a
Convert -713547 (base 8